{"id":7037,"date":"2026-03-27T06:01:52","date_gmt":"2026-03-27T06:01:52","guid":{"rendered":"https:\/\/car-refinish-system.com\/beta\/produs\/masking-tape-hydrog-30mm-x-50\/"},"modified":"2026-03-27T06:02:02","modified_gmt":"2026-03-27T06:02:02","slug":"masking-tape-hydrog-30mm-x-50","status":"publish","type":"product","link":"https:\/\/car-refinish-system.com\/beta\/produs\/masking-tape-hydrog-30mm-x-50\/","title":{"rendered":"Masking Tape HydroG\u2026 30mm x 50&#8243;"},"content":{"rendered":"<p>\u25cf Hochprofessionelles und extrem Hochwertiges-, gr\u00fcnes, flexibles- Spezialabdeckband<br \/>\n\u25cf hervorragende Band zu Band Haftung<br \/>\n\u25cf h\u00f6chster Verarbeitungskomfort durch hervorragendes Abrollverhalten<br \/>\n\u25cf f\u00fcr optimales Maskieren (kein Hinterlaufen\/Unterwandern der Farbe\/des Lackes am Abdeckband)<br \/>\n\u25cf Sehr gute und universelle Haftung auf fast allen Untergr\u00fcnden und auf entfetteten Kunststoffteilen und Dichtungsgummis<br \/>\n\u25cf r\u00fcckstandslos ohne Einrei\u00dfen abziehbar, keine Klebstoffr\u00fcckst\u00e4nde nach dem Abziehen,<br \/>\n\u25cf Temperaturbest\u00e4ndig bis 100\u00b0C 30min, 80\u00b0C 60min<br \/>\n\u25cf durch spezielle Impr\u00e4gnierung f\u00fcr L\u00f6semittel- und fast alle Wasserlacke geeignet<br \/>\n\u25cf Gesamtdicke des Klebebandes 130\u03bcm<br \/>\n\u25cf f\u00fcr IR Trocknung bis 30min\/100\u00b0C Oberfl\u00e4chentemperatur geeignet<\/p>\n","protected":false},"excerpt":{"rendered":"<p>\u25cf Hochprofessionelles und extrem Hochwertiges-, gr\u00fcnes, flexibles- Spezialabdeckband \u25cf hervorragende Band zu Band Haftung \u25cf h\u00f6chster Verarbeitungskomfort durch hervorragendes Abrollverhalten \u25cf f\u00fcr optimales Maskieren (kein Hinterlaufen\/Unterwandern<span class=\"excerpt-hellip\"> [\u2026]<\/span><\/p>\n","protected":false},"featured_media":6030,"template":"","meta":{"_acf_changed":false},"product_brand":[],"product_cat":[861],"product_tag":[],"class_list":{"0":"post-7037","1":"product","2":"type-product","3":"status-publish","4":"has-post-thumbnail","6":"product_cat-maskieren-abdecken","8":"first","9":"instock","10":"purchasable","11":"product-type-simple"},"acf":[],"_links":{"self":[{"href":"https:\/\/car-refinish-system.com\/beta\/wp-json\/wp\/v2\/product\/7037","targetHints":{"allow":["GET"]}}],"collection":[{"href":"https:\/\/car-refinish-system.com\/beta\/wp-json\/wp\/v2\/product"}],"about":[{"href":"https:\/\/car-refinish-system.com\/beta\/wp-json\/wp\/v2\/types\/product"}],"wp:featuredmedia":[{"embeddable":true,"href":"https:\/\/car-refinish-system.com\/beta\/wp-json\/wp\/v2\/media\/6030"}],"wp:attachment":[{"href":"https:\/\/car-refinish-system.com\/beta\/wp-json\/wp\/v2\/media?parent=7037"}],"wp:term":[{"taxonomy":"product_brand","embeddable":true,"href":"https:\/\/car-refinish-system.com\/beta\/wp-json\/wp\/v2\/product_brand?post=7037"},{"taxonomy":"product_cat","embeddable":true,"href":"https:\/\/car-refinish-system.com\/beta\/wp-json\/wp\/v2\/product_cat?post=7037"},{"taxonomy":"product_tag","embeddable":true,"href":"https:\/\/car-refinish-system.com\/beta\/wp-json\/wp\/v2\/product_tag?post=7037"}],"curies":[{"name":"wp","href":"https:\/\/api.w.org\/{rel}","templated":true}]}}