{"id":7073,"date":"2026-03-27T06:02:22","date_gmt":"2026-03-27T06:02:22","guid":{"rendered":"https:\/\/car-refinish-system.com\/beta\/produs\/soft-edge-blending-tape-20mm-x-25m\/"},"modified":"2026-03-27T06:02:30","modified_gmt":"2026-03-27T06:02:30","slug":"soft-edge-blending-tape-20mm-x-25m","status":"publish","type":"product","link":"https:\/\/car-refinish-system.com\/beta\/produs\/soft-edge-blending-tape-20mm-x-25m\/","title":{"rendered":"Soft Edge Blending Tape 20mm x 25m"},"content":{"rendered":"<p>\u25cf Universelles Schaumstoffband im Verbund als Tr\u00e4germaterial  mit einem herk\u00f6mmlichen Abdeckband<br \/>\n\u25cf Rolle mit 25m x 20mm, Dicke 3mm, Temperaturbest\u00e4ndigkeit 1h \/140\u00b0C<br \/>\n\u25cf Zugfestigkeit\/Rei\u00dffestigkeit ca. 85N\/mm\u00b2, Rei\u00dfdehnung ca. 9%<br \/>\n\u25cf Zum Abdecken von Kanten, kleinen Vertiefungen und Sicken um harte Lack\u00fcberg\u00e4nge zu vermeiden<br \/>\n\u25cf optimal Lackier\u00fcberg\u00e4nge durch die Rundung des Schaumes (verhindern von Kantenbildung)<br \/>\n\u25cf Ein universelles Abdeckband f\u00fcr alle Lackier\u00fcberg\u00e4nge<br \/>\n\u25cf Zum optimalen Abdecken an Fahrzeugt\u00fcren f\u00fcr \u00fcbergangsfreie Lackierungen.<br \/>\n\u25cf f\u00fcr den Einsatz mit IR-Trockenstrahlern geeignet<\/p>\n","protected":false},"excerpt":{"rendered":"<p>\u25cf Universelles Schaumstoffband im Verbund als Tr\u00e4germaterial mit einem herk\u00f6mmlichen Abdeckband \u25cf Rolle mit 25m x 20mm, Dicke 3mm, Temperaturbest\u00e4ndigkeit 1h \/140\u00b0C \u25cf Zugfestigkeit\/Rei\u00dffestigkeit ca. 85N\/mm\u00b2,<span class=\"excerpt-hellip\"> [\u2026]<\/span><\/p>\n","protected":false},"featured_media":6091,"template":"","meta":{"_acf_changed":false},"product_brand":[],"product_cat":[861],"product_tag":[],"class_list":{"0":"post-7073","1":"product","2":"type-product","3":"status-publish","4":"has-post-thumbnail","6":"product_cat-maskieren-abdecken","8":"first","9":"instock","10":"purchasable","11":"product-type-simple"},"acf":[],"_links":{"self":[{"href":"https:\/\/car-refinish-system.com\/beta\/wp-json\/wp\/v2\/product\/7073","targetHints":{"allow":["GET"]}}],"collection":[{"href":"https:\/\/car-refinish-system.com\/beta\/wp-json\/wp\/v2\/product"}],"about":[{"href":"https:\/\/car-refinish-system.com\/beta\/wp-json\/wp\/v2\/types\/product"}],"wp:featuredmedia":[{"embeddable":true,"href":"https:\/\/car-refinish-system.com\/beta\/wp-json\/wp\/v2\/media\/6091"}],"wp:attachment":[{"href":"https:\/\/car-refinish-system.com\/beta\/wp-json\/wp\/v2\/media?parent=7073"}],"wp:term":[{"taxonomy":"product_brand","embeddable":true,"href":"https:\/\/car-refinish-system.com\/beta\/wp-json\/wp\/v2\/product_brand?post=7073"},{"taxonomy":"product_cat","embeddable":true,"href":"https:\/\/car-refinish-system.com\/beta\/wp-json\/wp\/v2\/product_cat?post=7073"},{"taxonomy":"product_tag","embeddable":true,"href":"https:\/\/car-refinish-system.com\/beta\/wp-json\/wp\/v2\/product_tag?post=7073"}],"curies":[{"name":"wp","href":"https:\/\/api.w.org\/{rel}","templated":true}]}}