{"id":7093,"date":"2026-03-27T06:02:35","date_gmt":"2026-03-27T06:02:35","guid":{"rendered":"https:\/\/car-refinish-system.com\/beta\/produs\/pe-putty-multi-soft-plus-2kg-incl-hardener\/"},"modified":"2026-04-28T07:02:28","modified_gmt":"2026-04-28T07:02:28","slug":"pe-putty-multi-soft-plus-2kg-incl-hardener","status":"publish","type":"product","link":"https:\/\/car-refinish-system.com\/beta\/produs\/pe-putty-multi-soft-plus-2kg-incl-hardener\/","title":{"rendered":"PE Putty Multi Soft Plus 2kg incl Hardener"},"content":{"rendered":"<p>\u25cf  Beiger, 2K- Polyesterspachtel der h\u00f6chsten Premiumklasse<br \/>\n\u25cf  F\u00fcr verzinkte-, Aluminium-, metallische Oberfl\u00e4chen und Kunststoffe<br \/>\n\u25cf  sehr leicht ziehbar und einfach zu verarbeiten<br \/>\n\u25cf  Extrem leicht schleifbar<br \/>\n\u25cf  Auch im Einsatz an Kunststoffteilen wie Sto\u00dff\u00e4nger (nach Haftungspr\u00fcfung) usw.<br \/>\n\u25cf  leicht seidige Oberfl\u00e4che f\u00fcr optimales Schliffbild<br \/>\n\u25cf  Verarbeitungszeit\/Trockenzeit\/Mischungsverh\u00e4ltnis<br \/>\n     5-8min bei20\u00b0C \/18-22min bei 20\u00b0C\/ 100:3 mit PPO Paste rot<\/p>\n","protected":false},"excerpt":{"rendered":"<p>\u25cf Beiger, 2K- Polyesterspachtel der h\u00f6chsten Premiumklasse \u25cf F\u00fcr verzinkte-, Aluminium-, metallische Oberfl\u00e4chen und Kunststoffe \u25cf sehr leicht ziehbar und einfach zu verarbeiten \u25cf Extrem leicht<span class=\"excerpt-hellip\"> [\u2026]<\/span><\/p>\n","protected":false},"featured_media":6124,"template":"","meta":{"_acf_changed":false},"product_brand":[],"product_cat":[862],"product_tag":[],"class_list":{"0":"post-7093","1":"product","2":"type-product","3":"status-publish","4":"has-post-thumbnail","6":"product_cat-pe-fuellspachtel-zubehoer","8":"first","9":"instock","10":"purchasable","11":"product-type-simple"},"acf":[],"_links":{"self":[{"href":"https:\/\/car-refinish-system.com\/beta\/wp-json\/wp\/v2\/product\/7093","targetHints":{"allow":["GET"]}}],"collection":[{"href":"https:\/\/car-refinish-system.com\/beta\/wp-json\/wp\/v2\/product"}],"about":[{"href":"https:\/\/car-refinish-system.com\/beta\/wp-json\/wp\/v2\/types\/product"}],"wp:featuredmedia":[{"embeddable":true,"href":"https:\/\/car-refinish-system.com\/beta\/wp-json\/wp\/v2\/media\/6124"}],"wp:attachment":[{"href":"https:\/\/car-refinish-system.com\/beta\/wp-json\/wp\/v2\/media?parent=7093"}],"wp:term":[{"taxonomy":"product_brand","embeddable":true,"href":"https:\/\/car-refinish-system.com\/beta\/wp-json\/wp\/v2\/product_brand?post=7093"},{"taxonomy":"product_cat","embeddable":true,"href":"https:\/\/car-refinish-system.com\/beta\/wp-json\/wp\/v2\/product_cat?post=7093"},{"taxonomy":"product_tag","embeddable":true,"href":"https:\/\/car-refinish-system.com\/beta\/wp-json\/wp\/v2\/product_tag?post=7093"}],"curies":[{"name":"wp","href":"https:\/\/api.w.org\/{rel}","templated":true}]}}