{"id":7100,"date":"2026-03-27T06:02:49","date_gmt":"2026-03-27T06:02:49","guid":{"rendered":"https:\/\/car-refinish-system.com\/beta\/produs\/steel-putty-knife-set-47-77-100-120mm\/"},"modified":"2026-03-27T06:02:50","modified_gmt":"2026-03-27T06:02:50","slug":"steel-putty-knife-set-47-77-100-120mm","status":"publish","type":"product","link":"https:\/\/car-refinish-system.com\/beta\/produs\/steel-putty-knife-set-47-77-100-120mm\/","title":{"rendered":"Steel Putty Knife Set 47\/77\/100\/120mm"},"content":{"rendered":"<p>\u25cf Japanspachtel Set mit Klingen aus rostfreiem Stahl<br \/>\n\u25cf Set mit 4 Japanspachtel 47mm \/ 77mm\/100mm\/ 120mm<br \/>\n\u25cf Scharfe Kanten f\u00fcr m\u00fcheloses Auftragen und Gl\u00e4tten von Oberfl\u00e4chen<br \/>\n\u25cf Hochflexibles Metallblatt zum optimalen Auftrag von Spachtelmaterialien zum Erzielen von perfekten Oberfl\u00e4chen<\/p>\n","protected":false},"excerpt":{"rendered":"<p>\u25cf Japanspachtel Set mit Klingen aus rostfreiem Stahl \u25cf Set mit 4 Japanspachtel 47mm \/ 77mm\/100mm\/ 120mm \u25cf Scharfe Kanten f\u00fcr m\u00fcheloses Auftragen und Gl\u00e4tten von<span class=\"excerpt-hellip\"> [\u2026]<\/span><\/p>\n","protected":false},"featured_media":6136,"template":"","meta":{"_acf_changed":false},"product_brand":[],"product_cat":[862],"product_tag":[],"class_list":{"0":"post-7100","1":"product","2":"type-product","3":"status-publish","4":"has-post-thumbnail","6":"product_cat-pe-fuellspachtel-zubehoer","8":"first","9":"instock","10":"purchasable","11":"product-type-simple"},"acf":[],"_links":{"self":[{"href":"https:\/\/car-refinish-system.com\/beta\/wp-json\/wp\/v2\/product\/7100","targetHints":{"allow":["GET"]}}],"collection":[{"href":"https:\/\/car-refinish-system.com\/beta\/wp-json\/wp\/v2\/product"}],"about":[{"href":"https:\/\/car-refinish-system.com\/beta\/wp-json\/wp\/v2\/types\/product"}],"wp:featuredmedia":[{"embeddable":true,"href":"https:\/\/car-refinish-system.com\/beta\/wp-json\/wp\/v2\/media\/6136"}],"wp:attachment":[{"href":"https:\/\/car-refinish-system.com\/beta\/wp-json\/wp\/v2\/media?parent=7100"}],"wp:term":[{"taxonomy":"product_brand","embeddable":true,"href":"https:\/\/car-refinish-system.com\/beta\/wp-json\/wp\/v2\/product_brand?post=7100"},{"taxonomy":"product_cat","embeddable":true,"href":"https:\/\/car-refinish-system.com\/beta\/wp-json\/wp\/v2\/product_cat?post=7100"},{"taxonomy":"product_tag","embeddable":true,"href":"https:\/\/car-refinish-system.com\/beta\/wp-json\/wp\/v2\/product_tag?post=7100"}],"curies":[{"name":"wp","href":"https:\/\/api.w.org\/{rel}","templated":true}]}}