{"id":7154,"date":"2026-03-27T06:03:16","date_gmt":"2026-03-27T06:03:16","guid":{"rendered":"https:\/\/car-refinish-system.com\/beta\/produs\/spongeflex-double-medium-orange-120-180-12pcpad-120-x-98mm-x-13mm-sia-box\/"},"modified":"2026-03-27T06:03:25","modified_gmt":"2026-03-27T06:03:25","slug":"spongeflex-double-medium-orange-120-180-12pcpad-120-x-98mm-x-13mm-sia-box","status":"publish","type":"product","link":"https:\/\/car-refinish-system.com\/beta\/produs\/spongeflex-double-medium-orange-120-180-12pcpad-120-x-98mm-x-13mm-sia-box\/","title":{"rendered":"SpongeFlex Double MEDIUM Orange 120-180 12pc\nPad 120 x 98mm x 13mm SIA Box"},"content":{"rendered":"<p>\u25cf 2 Seitiger oranger Schleifschwamm der Spitzenklasse<br \/>\n\u25cf 120mm x 98mm, 13mm St\u00e4rke<br \/>\n\u25cf je K\u00f6rnung unterschiedliche Schwammfarbe und Aufdruck der K\u00f6rnung zur einfachen Zuordnung<br \/>\n\u25cf Hochflexibler L\u00f6semittelbest\u00e4ndiger PU-Schaumstoff als Tr\u00e4germaterial und Edelkorund als Schleifkorn mit hochelastischem Bindemittel<br \/>\n\u25cf F\u00fcr alle Schleifarbeiten an allen Oberfl\u00e4chen, Nass- und Trockenschliff auch an schwer zug\u00e4nglichen Stellen<br \/>\n\u25cf Auswaschbar und Abblasbar<br \/>\n\u25cf Geringe Durchschleifgefahr im Lackschliff wegen optimalem Anpressdruck und perfekter Formanpassung und dadurch keine Rauhtiefenunterschiede<br \/>\n\u25cf Zum Mattieren, Fein- und Grobschleifen und Vorbereitung f\u00fcr Beilackierungen und Polierarbeiten<br \/>\n\u25cf Optimal f\u00fcr Schleifarbeiten an Konturen, Rundungen und beim Profilschliff sowie an schwer zug\u00e4ngigen Stellen<\/p>\n","protected":false},"excerpt":{"rendered":"<p>\u25cf 2 Seitiger oranger Schleifschwamm der Spitzenklasse \u25cf 120mm x 98mm, 13mm St\u00e4rke \u25cf je K\u00f6rnung unterschiedliche Schwammfarbe und Aufdruck der K\u00f6rnung zur einfachen Zuordnung \u25cf<span class=\"excerpt-hellip\"> [\u2026]<\/span><\/p>\n","protected":false},"featured_media":6243,"template":"","meta":{"_acf_changed":false},"product_brand":[],"product_cat":[863],"product_tag":[],"class_list":{"0":"post-7154","1":"product","2":"type-product","3":"status-publish","4":"has-post-thumbnail","6":"product_cat-schleifen-zubehoer","8":"first","9":"instock","10":"purchasable","11":"product-type-simple"},"acf":[],"_links":{"self":[{"href":"https:\/\/car-refinish-system.com\/beta\/wp-json\/wp\/v2\/product\/7154","targetHints":{"allow":["GET"]}}],"collection":[{"href":"https:\/\/car-refinish-system.com\/beta\/wp-json\/wp\/v2\/product"}],"about":[{"href":"https:\/\/car-refinish-system.com\/beta\/wp-json\/wp\/v2\/types\/product"}],"wp:featuredmedia":[{"embeddable":true,"href":"https:\/\/car-refinish-system.com\/beta\/wp-json\/wp\/v2\/media\/6243"}],"wp:attachment":[{"href":"https:\/\/car-refinish-system.com\/beta\/wp-json\/wp\/v2\/media?parent=7154"}],"wp:term":[{"taxonomy":"product_brand","embeddable":true,"href":"https:\/\/car-refinish-system.com\/beta\/wp-json\/wp\/v2\/product_brand?post=7154"},{"taxonomy":"product_cat","embeddable":true,"href":"https:\/\/car-refinish-system.com\/beta\/wp-json\/wp\/v2\/product_cat?post=7154"},{"taxonomy":"product_tag","embeddable":true,"href":"https:\/\/car-refinish-system.com\/beta\/wp-json\/wp\/v2\/product_tag?post=7154"}],"curies":[{"name":"wp","href":"https:\/\/api.w.org\/{rel}","templated":true}]}}