{"id":7183,"date":"2026-03-27T06:03:46","date_gmt":"2026-03-27T06:03:46","guid":{"rendered":"https:\/\/car-refinish-system.com\/beta\/produs\/goldstar-roll-p240-50m-x-115mm\/"},"modified":"2026-03-27T06:03:49","modified_gmt":"2026-03-27T06:03:49","slug":"goldstar-roll-p240-50m-x-115mm","status":"publish","type":"product","link":"https:\/\/car-refinish-system.com\/beta\/produs\/goldstar-roll-p240-50m-x-115mm\/","title":{"rendered":"GoldStar Roll P240 50m x 115mm"},"content":{"rendered":"<p>\u25cf  Goldfarbenes Schleifmittel auf Rollen<br \/>\n\u25cf  Extrem d\u00fcnnes, sehr rei\u00dffestes und hoch flexibles Tr\u00e4gerspezialpapier<br \/>\n\u25cf  sehr hohe Anfangsabtrag und extrem hohe Standzeit<br \/>\n\u25cf  f\u00fcr Schwingschleifer mit 115mm breite oder manuellem Schliff geeignet<br \/>\n\u25cf  Halboffene Kornstreuung f\u00fcr sehr guten Abrieb und hohem Staubabtransport<br \/>\n\u25cf  sehr hochwertige Stearatbeschichtung um ein Zuschmieren des Schleifmittels zu verhindern<\/p>\n","protected":false},"excerpt":{"rendered":"<p>\u25cf Goldfarbenes Schleifmittel auf Rollen \u25cf Extrem d\u00fcnnes, sehr rei\u00dffestes und hoch flexibles Tr\u00e4gerspezialpapier \u25cf sehr hohe Anfangsabtrag und extrem hohe Standzeit \u25cf f\u00fcr Schwingschleifer mit<span class=\"excerpt-hellip\"> [\u2026]<\/span><\/p>\n","protected":false},"featured_media":6301,"template":"","meta":{"_acf_changed":false},"product_brand":[],"product_cat":[863],"product_tag":[],"class_list":{"0":"post-7183","1":"product","2":"type-product","3":"status-publish","4":"has-post-thumbnail","6":"product_cat-schleifen-zubehoer","8":"first","9":"instock","10":"purchasable","11":"product-type-simple"},"acf":[],"_links":{"self":[{"href":"https:\/\/car-refinish-system.com\/beta\/wp-json\/wp\/v2\/product\/7183","targetHints":{"allow":["GET"]}}],"collection":[{"href":"https:\/\/car-refinish-system.com\/beta\/wp-json\/wp\/v2\/product"}],"about":[{"href":"https:\/\/car-refinish-system.com\/beta\/wp-json\/wp\/v2\/types\/product"}],"wp:featuredmedia":[{"embeddable":true,"href":"https:\/\/car-refinish-system.com\/beta\/wp-json\/wp\/v2\/media\/6301"}],"wp:attachment":[{"href":"https:\/\/car-refinish-system.com\/beta\/wp-json\/wp\/v2\/media?parent=7183"}],"wp:term":[{"taxonomy":"product_brand","embeddable":true,"href":"https:\/\/car-refinish-system.com\/beta\/wp-json\/wp\/v2\/product_brand?post=7183"},{"taxonomy":"product_cat","embeddable":true,"href":"https:\/\/car-refinish-system.com\/beta\/wp-json\/wp\/v2\/product_cat?post=7183"},{"taxonomy":"product_tag","embeddable":true,"href":"https:\/\/car-refinish-system.com\/beta\/wp-json\/wp\/v2\/product_tag?post=7183"}],"curies":[{"name":"wp","href":"https:\/\/api.w.org\/{rel}","templated":true}]}}