{"id":7222,"date":"2026-03-27T06:04:13","date_gmt":"2026-03-27T06:04:13","guid":{"rendered":"https:\/\/car-refinish-system.com\/beta\/produs\/procut-perfection-sheet-p1500-selfstick-200-sheets\/"},"modified":"2026-03-27T06:04:15","modified_gmt":"2026-03-27T06:04:15","slug":"procut-perfection-sheet-p1500-selfstick-200-sheets","status":"publish","type":"product","link":"https:\/\/car-refinish-system.com\/beta\/produs\/procut-perfection-sheet-p1500-selfstick-200-sheets\/","title":{"rendered":"ProCut Perfection Sheet P1500 selfstick 200 Sheets"},"content":{"rendered":"<p>\u25cf Hochflexible selbstklebende rote Schleifb\u00f6gen 29mmx35mm selbstklebend aus Latexpapier mit bester Haftung auf Schleifkl\u00f6tzen<br \/>\n\u25cf 25 Tr\u00e4gerb\u00f6gen mit je 8 separat geschnittenen, sehr leicht abl\u00f6sbaren Schleifb\u00f6gen (200 Schleifb\u00f6gen\/Packung)<br \/>\n\u25cf f\u00fcr extrem genaues und punktuelles Ausschleifen von Staubeinschl\u00fcssen und Fehlstellen im Decklack.<br \/>\n\u25cf rationelles, sicheres, perfektes und schnelles Beseitigen von Fehlstellen und Lackl\u00e4ufer sog. Lacknasen<br \/>\n\u25cf optimal zum Mattieren von Oberfl\u00e4chen sowie die Feinschliffbearbeitung  von normalen und keramischen Lacken\/Oberfl\u00e4chen<br \/>\n\u25cf f\u00fcr extrem feine und einheitliche Rauhtiefen um optimale Ergebnisse f\u00fcr Folgeprozesse wie z.B. beim Polieren zu erzielen<br \/>\n\u25cf perfektes Oberfl\u00e4chenfinish im Trockenschliff.<br \/>\n\u25cf extrem schnelles Entfernen der Fehlstellen, sehr hohe Schnittleistung und eine sehr hohe Standzeit<br \/>\n\u25cf Bis zu 70% Zeitersparnis zu herk\u00f6mmlichen Schleifmitteln, durch effektives, planes und punktgenaues Schleifen<\/p>\n","protected":false},"excerpt":{"rendered":"<p>\u25cf Hochflexible selbstklebende rote Schleifb\u00f6gen 29mmx35mm selbstklebend aus Latexpapier mit bester Haftung auf Schleifkl\u00f6tzen \u25cf 25 Tr\u00e4gerb\u00f6gen mit je 8 separat geschnittenen, sehr leicht abl\u00f6sbaren Schleifb\u00f6gen<span class=\"excerpt-hellip\"> [\u2026]<\/span><\/p>\n","protected":false},"featured_media":6376,"template":"","meta":{"_acf_changed":false},"product_brand":[],"product_cat":[863],"product_tag":[],"class_list":{"0":"post-7222","1":"product","2":"type-product","3":"status-publish","4":"has-post-thumbnail","6":"product_cat-schleifen-zubehoer","8":"first","9":"instock","10":"purchasable","11":"product-type-simple"},"acf":[],"_links":{"self":[{"href":"https:\/\/car-refinish-system.com\/beta\/wp-json\/wp\/v2\/product\/7222","targetHints":{"allow":["GET"]}}],"collection":[{"href":"https:\/\/car-refinish-system.com\/beta\/wp-json\/wp\/v2\/product"}],"about":[{"href":"https:\/\/car-refinish-system.com\/beta\/wp-json\/wp\/v2\/types\/product"}],"wp:featuredmedia":[{"embeddable":true,"href":"https:\/\/car-refinish-system.com\/beta\/wp-json\/wp\/v2\/media\/6376"}],"wp:attachment":[{"href":"https:\/\/car-refinish-system.com\/beta\/wp-json\/wp\/v2\/media?parent=7222"}],"wp:term":[{"taxonomy":"product_brand","embeddable":true,"href":"https:\/\/car-refinish-system.com\/beta\/wp-json\/wp\/v2\/product_brand?post=7222"},{"taxonomy":"product_cat","embeddable":true,"href":"https:\/\/car-refinish-system.com\/beta\/wp-json\/wp\/v2\/product_cat?post=7222"},{"taxonomy":"product_tag","embeddable":true,"href":"https:\/\/car-refinish-system.com\/beta\/wp-json\/wp\/v2\/product_tag?post=7222"}],"curies":[{"name":"wp","href":"https:\/\/api.w.org\/{rel}","templated":true}]}}