{"id":7321,"date":"2026-03-27T06:05:24","date_gmt":"2026-03-27T06:05:24","guid":{"rendered":"https:\/\/car-refinish-system.com\/beta\/produs\/cavity-protection-hmp160-1l-white-transparent\/"},"modified":"2026-04-28T07:11:20","modified_gmt":"2026-04-28T07:11:20","slug":"cavity-protection-hmp160-1l-white-transparent","status":"publish","type":"product","link":"https:\/\/car-refinish-system.com\/beta\/produs\/cavity-protection-hmp160-1l-white-transparent\/","title":{"rendered":"Cavity Protection HMP160 1L White Transparent"},"content":{"rendered":"<p>Cavity Protection HMP160 1L White Transparent<br \/>\n\u25cf Einsatz<br \/>\n    Langzeitkonservierung von Hohlr\u00e4umen<br \/>\n    f\u00fcr Maschinen, Ger\u00e4te, aller Arten von Fahrzeugen sowie industriellem Einsatz<br \/>\n    auch f\u00fcr Teilbereiche bei Motoren einsetzbar<br \/>\n\u25cf Technische Merkmale<br \/>\n    -25\u00b0C &#8211; 160\u00b0C Temperaturbest\u00e4ndigkeit (HighMeltingPoint)<br \/>\n    wei\u00df transparent, dauerelastisch, leicht klebende Oberfl\u00e4che nach Trocknung<br \/>\n\u25cf Haftung<br \/>\n    auf trockenen, sauberen-, fett- und rostfreien, verzinkten-, Aluminium- oder metallischen Untergr\u00fcnden<br \/>\n\u25cf Trockenzeiten<br \/>\n    5h-6h\/20\u00b0C bei 120\u03bcm<br \/>\n\u25cf Verarbeitung<br \/>\n    mit Saugrohrpistolen und entsprechenden Sonden f\u00fcr schwer zug\u00e4ngliche Stellen<br \/>\n    Airless-Spritzverfahren, im Tauch- oder Pinselauftragsverfahren<\/p>\n","protected":false},"excerpt":{"rendered":"<p>Cavity Protection HMP160 1L White Transparent \u25cf Einsatz Langzeitkonservierung von Hohlr\u00e4umen f\u00fcr Maschinen, Ger\u00e4te, aller Arten von Fahrzeugen sowie industriellem Einsatz auch f\u00fcr Teilbereiche bei Motoren<span class=\"excerpt-hellip\"> [\u2026]<\/span><\/p>\n","protected":false},"featured_media":6541,"template":"","meta":{"_acf_changed":false},"product_brand":[],"product_cat":[865],"product_tag":[],"class_list":{"0":"post-7321","1":"product","2":"type-product","3":"status-publish","4":"has-post-thumbnail","6":"product_cat-verkleben-abdichten","8":"first","9":"instock","10":"purchasable","11":"product-type-simple"},"acf":[],"_links":{"self":[{"href":"https:\/\/car-refinish-system.com\/beta\/wp-json\/wp\/v2\/product\/7321","targetHints":{"allow":["GET"]}}],"collection":[{"href":"https:\/\/car-refinish-system.com\/beta\/wp-json\/wp\/v2\/product"}],"about":[{"href":"https:\/\/car-refinish-system.com\/beta\/wp-json\/wp\/v2\/types\/product"}],"wp:featuredmedia":[{"embeddable":true,"href":"https:\/\/car-refinish-system.com\/beta\/wp-json\/wp\/v2\/media\/6541"}],"wp:attachment":[{"href":"https:\/\/car-refinish-system.com\/beta\/wp-json\/wp\/v2\/media?parent=7321"}],"wp:term":[{"taxonomy":"product_brand","embeddable":true,"href":"https:\/\/car-refinish-system.com\/beta\/wp-json\/wp\/v2\/product_brand?post=7321"},{"taxonomy":"product_cat","embeddable":true,"href":"https:\/\/car-refinish-system.com\/beta\/wp-json\/wp\/v2\/product_cat?post=7321"},{"taxonomy":"product_tag","embeddable":true,"href":"https:\/\/car-refinish-system.com\/beta\/wp-json\/wp\/v2\/product_tag?post=7321"}],"curies":[{"name":"wp","href":"https:\/\/api.w.org\/{rel}","templated":true}]}}