{"id":7332,"date":"2026-03-27T06:05:24","date_gmt":"2026-03-27T06:05:24","guid":{"rendered":"https:\/\/car-refinish-system.com\/beta\/produs\/cleaning-paper-white-3-ply-500-sh-w26-x-l34-roll-new-cell\/"},"modified":"2026-03-27T12:20:10","modified_gmt":"2026-03-27T12:20:10","slug":"cleaning-paper-white-3-ply-500-sh-w26-x-l34-roll-new-cell","status":"publish","type":"product","link":"https:\/\/car-refinish-system.com\/beta\/produs\/cleaning-paper-white-3-ply-500-sh-w26-x-l34-roll-new-cell\/","title":{"rendered":"Cleaning Paper White 3 ply 500 Sh.W26 x L34 Roll NEW Cell"},"content":{"rendered":"<p>\u25cf wei\u00dfe Reinigungstuchrolle aus 100% Zellulose<br \/>\n\u25cf 500 Abrisse Rollenbreite 26cm \/ Abrissl\u00e4nge 34cm \/ Kerndurchmesser 7cm<br \/>\n\u25cf gepr\u00e4gte Oberfl\u00e4che zum optimalen Abwischen und Aufsaugen von Fl\u00fcssigkeiten oder zum trocknen der H\u00e4nde<br \/>\n\u25cf sehr hochwertiges, sehr saugstarkes Reinigungstuch auch f\u00fcr \u00d6l, Fett und L\u00f6semittel<br \/>\n\u25cf durch das spezielle Produktionsverfahren extrem Fusselfrei und extrem Rei\u00dffest auch im vollgesaugtem Zustand<br \/>\n\u25cf sparsamer Verbrauch<\/p>\n","protected":false},"excerpt":{"rendered":"<p>\u25cf wei\u00dfe Reinigungstuchrolle aus 100% Zellulose \u25cf 500 Abrisse Rollenbreite 26cm \/ Abrissl\u00e4nge 34cm \/ Kerndurchmesser 7cm \u25cf gepr\u00e4gte Oberfl\u00e4che zum optimalen Abwischen und Aufsaugen von<span class=\"excerpt-hellip\"> [\u2026]<\/span><\/p>\n","protected":false},"featured_media":8152,"template":"","meta":{"_acf_changed":false},"product_brand":[],"product_cat":[866],"product_tag":[],"class_list":{"0":"post-7332","1":"product","2":"type-product","3":"status-publish","4":"has-post-thumbnail","6":"product_cat-reingen-vorbereiten","8":"first","9":"instock","10":"purchasable","11":"product-type-simple"},"acf":[],"_links":{"self":[{"href":"https:\/\/car-refinish-system.com\/beta\/wp-json\/wp\/v2\/product\/7332","targetHints":{"allow":["GET"]}}],"collection":[{"href":"https:\/\/car-refinish-system.com\/beta\/wp-json\/wp\/v2\/product"}],"about":[{"href":"https:\/\/car-refinish-system.com\/beta\/wp-json\/wp\/v2\/types\/product"}],"wp:featuredmedia":[{"embeddable":true,"href":"https:\/\/car-refinish-system.com\/beta\/wp-json\/wp\/v2\/media\/8152"}],"wp:attachment":[{"href":"https:\/\/car-refinish-system.com\/beta\/wp-json\/wp\/v2\/media?parent=7332"}],"wp:term":[{"taxonomy":"product_brand","embeddable":true,"href":"https:\/\/car-refinish-system.com\/beta\/wp-json\/wp\/v2\/product_brand?post=7332"},{"taxonomy":"product_cat","embeddable":true,"href":"https:\/\/car-refinish-system.com\/beta\/wp-json\/wp\/v2\/product_cat?post=7332"},{"taxonomy":"product_tag","embeddable":true,"href":"https:\/\/car-refinish-system.com\/beta\/wp-json\/wp\/v2\/product_tag?post=7332"}],"curies":[{"name":"wp","href":"https:\/\/api.w.org\/{rel}","templated":true}]}}