{"id":7343,"date":"2026-03-27T06:05:38","date_gmt":"2026-03-27T06:05:38","guid":{"rendered":"https:\/\/car-refinish-system.com\/beta\/produs\/microcleaneco-blue-40pc-i-dispbox-40x40cm\/"},"modified":"2026-03-27T06:05:41","modified_gmt":"2026-03-27T06:05:41","slug":"microcleaneco-blue-40pc-i-dispbox-40x40cm","status":"publish","type":"product","link":"https:\/\/car-refinish-system.com\/beta\/produs\/microcleaneco-blue-40pc-i-dispbox-40x40cm\/","title":{"rendered":"Micro&#038;CleanEco Blue 40pc i DispBox 40x40cm"},"content":{"rendered":"<p>\u25cf sehr hochwertiges und leichtes, blaues, Mikrofasertuch mit kurzer Faser<br \/>\n\u25cf 40cm x 40cm, ca. 180g\/m\u00b2 -200g\/m\u00b2<br \/>\n\u25cf 80% Polyester und 20% Polyamid, waschbar bis 60\u00b0C<br \/>\n\u25cf sehr volumin\u00f6s mit weicher Haptik<br \/>\n\u25cf silikonfrei, optimal zum Polieren, f\u00fcr Levelingarbeiten, sowie zum Wachsen von Fahrzeugen geeignet<br \/>\n\u25cf sehr gut zum Verarbeiten von Versiegelungen, beim Entfetten, und beim Auspolieren von Keramikbeschichtungen<br \/>\n\u25cf optimal zum Abwischen von Reinigungsmitteln, wie z.B. Silikonentferner, vor der Lackierung<br \/>\n\u25cf wiederverwendbar, sehr weich und  strapazierf\u00e4hig, mit sehr guter Saug- und Wasseraufnahmef\u00e4higkeit<br \/>\n\u25cf entfernt selbst hartn\u00e4ckigen Schmutz, reinigt gr\u00fcndlich auch ohne Reinigungsmittel<br \/>\n\u25cf einges\u00e4umt um Ausfransungen zu verhindern, keine Fusselbildung auch bei gr\u00f6\u00dferem Verarbeitungsdruck<br \/>\n\u25cf extrem leicht auswringbar beim einer Wasseraufnahme bis zu 650% des Eigengewichts<\/p>\n","protected":false},"excerpt":{"rendered":"<p>\u25cf sehr hochwertiges und leichtes, blaues, Mikrofasertuch mit kurzer Faser \u25cf 40cm x 40cm, ca. 180g\/m\u00b2 -200g\/m\u00b2 \u25cf 80% Polyester und 20% Polyamid, waschbar bis 60\u00b0C<span class=\"excerpt-hellip\"> [\u2026]<\/span><\/p>\n","protected":false},"featured_media":6582,"template":"","meta":{"_acf_changed":false},"product_brand":[],"product_cat":[866],"product_tag":[],"class_list":{"0":"post-7343","1":"product","2":"type-product","3":"status-publish","4":"has-post-thumbnail","6":"product_cat-reingen-vorbereiten","8":"first","9":"instock","10":"purchasable","11":"product-type-simple"},"acf":[],"_links":{"self":[{"href":"https:\/\/car-refinish-system.com\/beta\/wp-json\/wp\/v2\/product\/7343","targetHints":{"allow":["GET"]}}],"collection":[{"href":"https:\/\/car-refinish-system.com\/beta\/wp-json\/wp\/v2\/product"}],"about":[{"href":"https:\/\/car-refinish-system.com\/beta\/wp-json\/wp\/v2\/types\/product"}],"wp:featuredmedia":[{"embeddable":true,"href":"https:\/\/car-refinish-system.com\/beta\/wp-json\/wp\/v2\/media\/6582"}],"wp:attachment":[{"href":"https:\/\/car-refinish-system.com\/beta\/wp-json\/wp\/v2\/media?parent=7343"}],"wp:term":[{"taxonomy":"product_brand","embeddable":true,"href":"https:\/\/car-refinish-system.com\/beta\/wp-json\/wp\/v2\/product_brand?post=7343"},{"taxonomy":"product_cat","embeddable":true,"href":"https:\/\/car-refinish-system.com\/beta\/wp-json\/wp\/v2\/product_cat?post=7343"},{"taxonomy":"product_tag","embeddable":true,"href":"https:\/\/car-refinish-system.com\/beta\/wp-json\/wp\/v2\/product_tag?post=7343"}],"curies":[{"name":"wp","href":"https:\/\/api.w.org\/{rel}","templated":true}]}}