{"id":7379,"date":"2026-03-27T06:06:07","date_gmt":"2026-03-27T06:06:07","guid":{"rendered":"https:\/\/car-refinish-system.com\/beta\/produs\/protectiongloves-s-100pcs-size-mnitril-light-blue\/"},"modified":"2026-03-27T07:09:08","modified_gmt":"2026-03-27T07:09:08","slug":"protectiongloves-s-100pcs-size-mnitril-light-blue","status":"publish","type":"product","link":"https:\/\/car-refinish-system.com\/beta\/produs\/protectiongloves-s-100pcs-size-mnitril-light-blue\/","title":{"rendered":"ProtectionGloves S 100Pcs Size MNitril, Light Blue"},"content":{"rendered":"<p>\u25cf blauer Nitrilhandschuh, mit optimaler Passform aus synthetischem- und Naturkautschuk<br \/>\n\u25cf L\u00e4nge ca.24cm, Dicke 15\u03bcm \u00b1 3\u03bcm, Dehnbar 500%, Rei\u00dffestigkeit 6N, hochfester-\/ hochbest\u00e4ndiger Nitrilhandschuh<br \/>\n\u25cf sehr guter und fester Nitrilhandschuh mit guter Best\u00e4ndigkeit gegen verschiedene Chemikalien<br \/>\n\u25cf ungepudert, mikroraue rutschfeste Oberfl\u00e4che, sehr gute Finger- und Handsensibilit\u00e4t, beidh\u00e4ndig verwendbar<br \/>\n\u25cf silikonfrei, atmungsaktiv, Fl\u00fcssigkeits- Chemie-, Mikrobiologische-  und S\u00e4urenbest\u00e4ndig nach PSA Kat. 3 Typ A<br \/>\n\u25cf folgende Vorschriften werden auch ohne entsprechendes Zertifikat eingehalten<br \/>\n    EN455 1-2-3-4, EN ISO 374 1,5, AQL 1,4,<br \/>\n    MD Medical Device Kl 1 Article 19 Annex IV to Regulation EU 2017\/745, Auch f\u00fcr den Foodbereich<br \/>\n\u25cf optimal im Einsatz bei Maler- und Lackierbetrieben, speziell auch bei intensiveren Reinigungsarbeiten<\/p>\n","protected":false},"excerpt":{"rendered":"<p>\u25cf blauer Nitrilhandschuh, mit optimaler Passform aus synthetischem- und Naturkautschuk \u25cf L\u00e4nge ca.24cm, Dicke 15\u03bcm \u00b1 3\u03bcm, Dehnbar 500%, Rei\u00dffestigkeit 6N, hochfester-\/ hochbest\u00e4ndiger Nitrilhandschuh \u25cf sehr<span class=\"excerpt-hellip\"> [\u2026]<\/span><\/p>\n","protected":false},"featured_media":7676,"template":"","meta":{"_acf_changed":false},"product_brand":[],"product_cat":[867],"product_tag":[],"class_list":{"0":"post-7379","1":"product","2":"type-product","3":"status-publish","4":"has-post-thumbnail","6":"product_cat-persoenliche-schutzausruestung","8":"first","9":"instock","10":"purchasable","11":"product-type-simple"},"acf":[],"_links":{"self":[{"href":"https:\/\/car-refinish-system.com\/beta\/wp-json\/wp\/v2\/product\/7379","targetHints":{"allow":["GET"]}}],"collection":[{"href":"https:\/\/car-refinish-system.com\/beta\/wp-json\/wp\/v2\/product"}],"about":[{"href":"https:\/\/car-refinish-system.com\/beta\/wp-json\/wp\/v2\/types\/product"}],"wp:featuredmedia":[{"embeddable":true,"href":"https:\/\/car-refinish-system.com\/beta\/wp-json\/wp\/v2\/media\/7676"}],"wp:attachment":[{"href":"https:\/\/car-refinish-system.com\/beta\/wp-json\/wp\/v2\/media?parent=7379"}],"wp:term":[{"taxonomy":"product_brand","embeddable":true,"href":"https:\/\/car-refinish-system.com\/beta\/wp-json\/wp\/v2\/product_brand?post=7379"},{"taxonomy":"product_cat","embeddable":true,"href":"https:\/\/car-refinish-system.com\/beta\/wp-json\/wp\/v2\/product_cat?post=7379"},{"taxonomy":"product_tag","embeddable":true,"href":"https:\/\/car-refinish-system.com\/beta\/wp-json\/wp\/v2\/product_tag?post=7379"}],"curies":[{"name":"wp","href":"https:\/\/api.w.org\/{rel}","templated":true}]}}