{"id":7392,"date":"2026-03-27T06:06:07","date_gmt":"2026-03-27T06:06:07","guid":{"rendered":"https:\/\/car-refinish-system.com\/beta\/produs\/clear-coat-mx15-ultra-fast-5l\/"},"modified":"2026-04-28T07:17:18","modified_gmt":"2026-04-28T07:17:18","slug":"clear-coat-mx15-ultra-fast-5l","status":"publish","type":"product","link":"https:\/\/car-refinish-system.com\/beta\/produs\/clear-coat-mx15-ultra-fast-5l\/","title":{"rendered":"Clear Coat MX15 Ultra Fast 5L"},"content":{"rendered":"<p>2K-MS\/HS Express Klarlack 2:1 auf PU Basis geh\u00e4rtet nach Volumen mit H\u00e4rter H20 \/ H30 \/ H40<br \/>\n\u25cf  Einsatz<br \/>\n     Alle Arten der Fahrzeuglackreparatur \/ alle Arten der Industriellen Lackierung f\u00fcr Ganz- und Teillackierungen<br \/>\n\u25cf  Technische Merkmale SR-RF Technologie ((VOC Produkt Kategorie e) 840 g\/l))<br \/>\n     optimaler, brillanter Verlauf,<br \/>\n     Viskosit\u00e4t variabel Einstellbar bis 5% Verd\u00fcnnungszugabe (nach Zugabe H\u00e4rter)<br \/>\n\u25cf  Haftung<br \/>\n     einsetzbar auf Wasser- und L\u00f6semittelbasislacken<br \/>\n\u25cf  Verarbeitung<br \/>\n    1\/2 Spritzgang vorlegen. Abl\u00fcftzeit 5-7 Min (Fadenzugpr\u00fcfung). 1 ganzen geschlossenen Spritzgang nachlegen.<br \/>\n    um eine optimale UV Best\u00e4ndigkeit zu gew\u00e4hrleisten, muss eine Mindesttrockenschichtdicke von 55\u03bcm erreicht werden<br \/>\n\u25cf  Trockenzeiten<br \/>\n     Vor Ofentrocknung 15 Min Abl\u00fcftzeit beachten.<br \/>\n     H\u00e4rter HS20 = ca. 18-20min\/60\u00b0C &#8211; 120min 20\u00b0C &#8211; 7-10 min m. IR-Kurzwelle<br \/>\n     H\u00e4rter HS30 = ca. 25-30min\/60\u00b0C &#8211; 180min 20\u00b0C &#8211; 9-11 min m. IR-Kurzwelle<br \/>\n     H\u00e4rter HS40 = ca. 30-40min\/60\u00b0C &#8211; 6h 20\u00b0C zum Einsatz ab 30\u00b0C Au\u00dfentemperatur<\/p>\n","protected":false},"excerpt":{"rendered":"<p>2K-MS\/HS Express Klarlack 2:1 auf PU Basis geh\u00e4rtet nach Volumen mit H\u00e4rter H20 \/ H30 \/ H40 \u25cf Einsatz Alle Arten der Fahrzeuglackreparatur \/ alle Arten<span class=\"excerpt-hellip\"> [\u2026]<\/span><\/p>\n","protected":false},"featured_media":7685,"template":"","meta":{"_acf_changed":false},"product_brand":[],"product_cat":[878],"product_tag":[],"class_list":{"0":"post-7392","1":"product","2":"type-product","3":"status-publish","4":"has-post-thumbnail","6":"product_cat-decklack-klarlack","8":"first","9":"instock","10":"purchasable","11":"product-type-simple"},"acf":[],"_links":{"self":[{"href":"https:\/\/car-refinish-system.com\/beta\/wp-json\/wp\/v2\/product\/7392","targetHints":{"allow":["GET"]}}],"collection":[{"href":"https:\/\/car-refinish-system.com\/beta\/wp-json\/wp\/v2\/product"}],"about":[{"href":"https:\/\/car-refinish-system.com\/beta\/wp-json\/wp\/v2\/types\/product"}],"wp:featuredmedia":[{"embeddable":true,"href":"https:\/\/car-refinish-system.com\/beta\/wp-json\/wp\/v2\/media\/7685"}],"wp:attachment":[{"href":"https:\/\/car-refinish-system.com\/beta\/wp-json\/wp\/v2\/media?parent=7392"}],"wp:term":[{"taxonomy":"product_brand","embeddable":true,"href":"https:\/\/car-refinish-system.com\/beta\/wp-json\/wp\/v2\/product_brand?post=7392"},{"taxonomy":"product_cat","embeddable":true,"href":"https:\/\/car-refinish-system.com\/beta\/wp-json\/wp\/v2\/product_cat?post=7392"},{"taxonomy":"product_tag","embeddable":true,"href":"https:\/\/car-refinish-system.com\/beta\/wp-json\/wp\/v2\/product_tag?post=7392"}],"curies":[{"name":"wp","href":"https:\/\/api.w.org\/{rel}","templated":true}]}}