{"id":7400,"date":"2026-03-27T06:06:20","date_gmt":"2026-03-27T06:06:20","guid":{"rendered":"https:\/\/car-refinish-system.com\/beta\/produs\/clear-coat-voc-1l\/"},"modified":"2026-04-28T07:19:30","modified_gmt":"2026-04-28T07:19:30","slug":"clear-coat-voc-1l","status":"publish","type":"product","link":"https:\/\/car-refinish-system.com\/beta\/produs\/clear-coat-voc-1l\/","title":{"rendered":"Clear Coat VOC 1L"},"content":{"rendered":"<p>2K-VOC Klarlack auf PU Basis (VOC 389g\/Ltr. m V30) 2:1 geh\u00e4rtet nach Volumen mit H\u00e4rter V20 \/ V30 \/ V40<br \/>\n\u25cf  Einsatz<br \/>\n     Alle Arten der Fahrzeuglackreparatur \/ alle Arten der Industriellen Lackierung f\u00fcr Ganz- und Teillackierungen<br \/>\n\u25cf  Technische Merkmale<br \/>\n     optimale, sehr gute Verspannung der Oberfl\u00e4che, extrem brillanter Verlauf,<br \/>\n     Viskosit\u00e4t variabel Einstellbar bis 5% Verd\u00fcnnungszugabe (nach Zugabe H\u00e4rter)<br \/>\n\u25cf  Haftung<br \/>\n     einsetzbar auf Wasser- und L\u00f6semittelbasislacken<br \/>\n\u25cf  Verarbeitung<br \/>\n    1\/2 Spritzgang vorlegen. Abl\u00fcftzeit 5-7 Min (Fadenzugpr\u00fcfung). 1 ganzen geschlossenen Spritzgang nachlegen.<br \/>\n    um eine optimale UV Best\u00e4ndigkeit zu gew\u00e4hrleisten, muss eine Mindesttrockenschichtdicke von 55\u03bcm erreicht werden<br \/>\n\u25cf  Trockenzeiten<br \/>\n     Vor Ofentrocknung 15 Min Abl\u00fcftzeit beachten.<br \/>\n     H\u00e4rter V20 = ca. 22-26min\/60\u00b0C &#8211; 120min 20\u00b0C &#8211; 9-12 min m. IR-Kurzwelle<br \/>\n     H\u00e4rter V30 = ca. 28-30min\/60\u00b0C &#8211; 180min 20\u00b0C &#8211; 11-13 min m. IR-Kurzwelle<br \/>\n     H\u00e4rter V40 = ca. 30-40min\/60\u00b0C &#8211; 6h 20\u00b0C zum Einsatz ab 30\u00b0C Au\u00dfentemperatur<\/p>\n","protected":false},"excerpt":{"rendered":"<p>2K-VOC Klarlack auf PU Basis (VOC 389g\/Ltr. m V30) 2:1 geh\u00e4rtet nach Volumen mit H\u00e4rter V20 \/ V30 \/ V40 \u25cf Einsatz Alle Arten der Fahrzeuglackreparatur<span class=\"excerpt-hellip\"> [\u2026]<\/span><\/p>\n","protected":false},"featured_media":7660,"template":"","meta":{"_acf_changed":false},"product_brand":[],"product_cat":[878],"product_tag":[],"class_list":{"0":"post-7400","1":"product","2":"type-product","3":"status-publish","4":"has-post-thumbnail","6":"product_cat-decklack-klarlack","8":"first","9":"instock","10":"purchasable","11":"product-type-simple"},"acf":[],"_links":{"self":[{"href":"https:\/\/car-refinish-system.com\/beta\/wp-json\/wp\/v2\/product\/7400","targetHints":{"allow":["GET"]}}],"collection":[{"href":"https:\/\/car-refinish-system.com\/beta\/wp-json\/wp\/v2\/product"}],"about":[{"href":"https:\/\/car-refinish-system.com\/beta\/wp-json\/wp\/v2\/types\/product"}],"wp:featuredmedia":[{"embeddable":true,"href":"https:\/\/car-refinish-system.com\/beta\/wp-json\/wp\/v2\/media\/7660"}],"wp:attachment":[{"href":"https:\/\/car-refinish-system.com\/beta\/wp-json\/wp\/v2\/media?parent=7400"}],"wp:term":[{"taxonomy":"product_brand","embeddable":true,"href":"https:\/\/car-refinish-system.com\/beta\/wp-json\/wp\/v2\/product_brand?post=7400"},{"taxonomy":"product_cat","embeddable":true,"href":"https:\/\/car-refinish-system.com\/beta\/wp-json\/wp\/v2\/product_cat?post=7400"},{"taxonomy":"product_tag","embeddable":true,"href":"https:\/\/car-refinish-system.com\/beta\/wp-json\/wp\/v2\/product_tag?post=7400"}],"curies":[{"name":"wp","href":"https:\/\/api.w.org\/{rel}","templated":true}]}}