{"id":7435,"date":"2026-03-27T06:06:35","date_gmt":"2026-03-27T06:06:35","guid":{"rendered":"https:\/\/car-refinish-system.com\/beta\/produs\/replacement-needles-10pcs\/"},"modified":"2026-03-27T06:06:44","modified_gmt":"2026-03-27T06:06:44","slug":"replacement-needles-10pcs","status":"publish","type":"product","link":"https:\/\/car-refinish-system.com\/beta\/produs\/replacement-needles-10pcs\/","title":{"rendered":"Replacement Needles 10Pcs"},"content":{"rendered":"<p>10 Einwegersatznadelk\u00f6pfe, f\u00fcr &#8220;Dust Needle Holder&#8221;<br \/>\n\u25cf Einwegersatznadelk\u00f6pfe mit 36 Nadeln im Verl\u00e4ngerungsdorn<br \/>\n\u25cf speziell geh\u00e4rtete-\/ nichtrostende-\/ beschichtete Mikronadelk\u00f6pfe<br \/>\n\u25cf in stabiler, Alu Blisterverpackung zum Ausdr\u00fccken f\u00fcr besten Schutz der Mikronadelk\u00f6pfe<\/p>\n","protected":false},"excerpt":{"rendered":"<p>10 Einwegersatznadelk\u00f6pfe, f\u00fcr &#8220;Dust Needle Holder&#8221; \u25cf Einwegersatznadelk\u00f6pfe mit 36 Nadeln im Verl\u00e4ngerungsdorn \u25cf speziell geh\u00e4rtete-\/ nichtrostende-\/ beschichtete Mikronadelk\u00f6pfe \u25cf in stabiler, Alu Blisterverpackung zum Ausdr\u00fccken<span class=\"excerpt-hellip\"> [\u2026]<\/span><\/p>\n","protected":false},"featured_media":6719,"template":"","meta":{"_acf_changed":false},"product_brand":[],"product_cat":[869],"product_tag":[],"class_list":{"0":"post-7435","1":"product","2":"type-product","3":"status-publish","4":"has-post-thumbnail","6":"product_cat-lackier-equipment","8":"first","9":"instock","10":"purchasable","11":"product-type-simple"},"acf":[],"_links":{"self":[{"href":"https:\/\/car-refinish-system.com\/beta\/wp-json\/wp\/v2\/product\/7435","targetHints":{"allow":["GET"]}}],"collection":[{"href":"https:\/\/car-refinish-system.com\/beta\/wp-json\/wp\/v2\/product"}],"about":[{"href":"https:\/\/car-refinish-system.com\/beta\/wp-json\/wp\/v2\/types\/product"}],"wp:featuredmedia":[{"embeddable":true,"href":"https:\/\/car-refinish-system.com\/beta\/wp-json\/wp\/v2\/media\/6719"}],"wp:attachment":[{"href":"https:\/\/car-refinish-system.com\/beta\/wp-json\/wp\/v2\/media?parent=7435"}],"wp:term":[{"taxonomy":"product_brand","embeddable":true,"href":"https:\/\/car-refinish-system.com\/beta\/wp-json\/wp\/v2\/product_brand?post=7435"},{"taxonomy":"product_cat","embeddable":true,"href":"https:\/\/car-refinish-system.com\/beta\/wp-json\/wp\/v2\/product_cat?post=7435"},{"taxonomy":"product_tag","embeddable":true,"href":"https:\/\/car-refinish-system.com\/beta\/wp-json\/wp\/v2\/product_tag?post=7435"}],"curies":[{"name":"wp","href":"https:\/\/api.w.org\/{rel}","templated":true}]}}