{"id":7481,"date":"2026-03-27T06:07:18","date_gmt":"2026-03-27T06:07:18","guid":{"rendered":"https:\/\/car-refinish-system.com\/beta\/produs\/sps-plastic-adapter-black-40asata-qcc-jet-4000-minijet-4400\/"},"modified":"2026-03-27T06:30:39","modified_gmt":"2026-03-27T06:30:39","slug":"sps-plastic-adapter-black-40asata-qcc-jet-4000-minijet-4400","status":"publish","type":"product","link":"https:\/\/car-refinish-system.com\/beta\/produs\/sps-plastic-adapter-black-40asata-qcc-jet-4000-minijet-4400\/","title":{"rendered":"SPS Plastic Adapter black 40ASata QCC Jet 4000, MiniJet 4400"},"content":{"rendered":"<p>\u25cf  L\u00f6semittelbest\u00e4ndiger Kunststoffadapter f\u00fcr CRS SPS Mixing Cup Nr. 40A<br \/>\n\u25cf  zur Aufnahme von CRS SPS Mixing Cups 180\/400\/650\/850ml<br \/>\n\u25cf  passend auf Sata QCC von > Typ Sata Jet 2000 bis Typ Sata Jet 5000\/ Sata MiniJet bis Typ 4400<br \/>\n\u25cf  Das Verwenden von anderen Adaptern au\u00dfer CRS Adaptern, kann zu Undichtigkeit f\u00fchren<\/p>\n","protected":false},"excerpt":{"rendered":"<p>\u25cf L\u00f6semittelbest\u00e4ndiger Kunststoffadapter f\u00fcr CRS SPS Mixing Cup Nr. 40A \u25cf zur Aufnahme von CRS SPS Mixing Cups 180\/400\/650\/850ml \u25cf passend auf Sata QCC von ><span class=\"excerpt-hellip\"> [\u2026]<\/span><\/p>\n","protected":false},"featured_media":7638,"template":"","meta":{"_acf_changed":false},"product_brand":[],"product_cat":[870],"product_tag":[],"class_list":{"0":"post-7481","1":"product","2":"type-product","3":"status-publish","4":"has-post-thumbnail","6":"product_cat-misch-dosier-euipment","8":"first","9":"instock","10":"purchasable","11":"product-type-simple"},"acf":[],"_links":{"self":[{"href":"https:\/\/car-refinish-system.com\/beta\/wp-json\/wp\/v2\/product\/7481","targetHints":{"allow":["GET"]}}],"collection":[{"href":"https:\/\/car-refinish-system.com\/beta\/wp-json\/wp\/v2\/product"}],"about":[{"href":"https:\/\/car-refinish-system.com\/beta\/wp-json\/wp\/v2\/types\/product"}],"wp:featuredmedia":[{"embeddable":true,"href":"https:\/\/car-refinish-system.com\/beta\/wp-json\/wp\/v2\/media\/7638"}],"wp:attachment":[{"href":"https:\/\/car-refinish-system.com\/beta\/wp-json\/wp\/v2\/media?parent=7481"}],"wp:term":[{"taxonomy":"product_brand","embeddable":true,"href":"https:\/\/car-refinish-system.com\/beta\/wp-json\/wp\/v2\/product_brand?post=7481"},{"taxonomy":"product_cat","embeddable":true,"href":"https:\/\/car-refinish-system.com\/beta\/wp-json\/wp\/v2\/product_cat?post=7481"},{"taxonomy":"product_tag","embeddable":true,"href":"https:\/\/car-refinish-system.com\/beta\/wp-json\/wp\/v2\/product_tag?post=7481"}],"curies":[{"name":"wp","href":"https:\/\/api.w.org\/{rel}","templated":true}]}}