{"id":7482,"date":"2026-03-27T06:07:18","date_gmt":"2026-03-27T06:07:18","guid":{"rendered":"https:\/\/car-refinish-system.com\/beta\/produs\/sps-adapter-for-devilbiss-gti-pro-gti-pri-flg-gfg15a-2\/"},"modified":"2026-03-27T12:23:59","modified_gmt":"2026-03-27T12:23:59","slug":"sps-adapter-for-devilbiss-gti-pro-gti-pri-flg-gfg15a-2","status":"publish","type":"product","link":"https:\/\/car-refinish-system.com\/beta\/produs\/sps-adapter-for-devilbiss-gti-pro-gti-pri-flg-gfg15a-2\/","title":{"rendered":"SPS Adapter for Devilbiss GTI\/Pro\/GTI\/PRI\/FLG\/GFG=15A"},"content":{"rendered":"<p>\u25cf  L\u00f6semittelbest\u00e4ndiger Kunststoffadapter f\u00fcr CRS SPS Mixing Cup Nr. 15A<br \/>\n\u25cf  zur Aufnahme von CRS SPS Mixing Cups 180\/400\/650\/850ml<br \/>\n\u25cf  passend auf Devilbiss Gti und Gti Pro<br \/>\n\u25cf  Das verwenden von anderen Adaptern au\u00dfer CRS Adaptern, kann zu Undichtigkeit f\u00fchren<\/p>\n","protected":false},"excerpt":{"rendered":"<p>\u25cf L\u00f6semittelbest\u00e4ndiger Kunststoffadapter f\u00fcr CRS SPS Mixing Cup Nr. 15A \u25cf zur Aufnahme von CRS SPS Mixing Cups 180\/400\/650\/850ml \u25cf passend auf Devilbiss Gti und Gti<span class=\"excerpt-hellip\"> [\u2026]<\/span><\/p>\n","protected":false},"featured_media":8272,"template":"","meta":{"_acf_changed":false},"product_brand":[],"product_cat":[870],"product_tag":[],"class_list":{"0":"post-7482","1":"product","2":"type-product","3":"status-publish","4":"has-post-thumbnail","6":"product_cat-misch-dosier-euipment","8":"first","9":"instock","10":"purchasable","11":"product-type-simple"},"acf":[],"_links":{"self":[{"href":"https:\/\/car-refinish-system.com\/beta\/wp-json\/wp\/v2\/product\/7482","targetHints":{"allow":["GET"]}}],"collection":[{"href":"https:\/\/car-refinish-system.com\/beta\/wp-json\/wp\/v2\/product"}],"about":[{"href":"https:\/\/car-refinish-system.com\/beta\/wp-json\/wp\/v2\/types\/product"}],"wp:featuredmedia":[{"embeddable":true,"href":"https:\/\/car-refinish-system.com\/beta\/wp-json\/wp\/v2\/media\/8272"}],"wp:attachment":[{"href":"https:\/\/car-refinish-system.com\/beta\/wp-json\/wp\/v2\/media?parent=7482"}],"wp:term":[{"taxonomy":"product_brand","embeddable":true,"href":"https:\/\/car-refinish-system.com\/beta\/wp-json\/wp\/v2\/product_brand?post=7482"},{"taxonomy":"product_cat","embeddable":true,"href":"https:\/\/car-refinish-system.com\/beta\/wp-json\/wp\/v2\/product_cat?post=7482"},{"taxonomy":"product_tag","embeddable":true,"href":"https:\/\/car-refinish-system.com\/beta\/wp-json\/wp\/v2\/product_tag?post=7482"}],"curies":[{"name":"wp","href":"https:\/\/api.w.org\/{rel}","templated":true}]}}