{"id":7497,"date":"2026-03-27T06:07:18","date_gmt":"2026-03-27T06:07:18","guid":{"rendered":"https:\/\/car-refinish-system.com\/beta\/produs\/plug-42mm-blue-din\/"},"modified":"2026-03-27T06:07:29","modified_gmt":"2026-03-27T06:07:29","slug":"plug-42mm-blue-din","status":"publish","type":"product","link":"https:\/\/car-refinish-system.com\/beta\/produs\/plug-42mm-blue-din\/","title":{"rendered":"Plug 42mm Blue DIN"},"content":{"rendered":"<p>\u25cf 42mm DIN Eindr\u00fcckverschlu\u00df f\u00fcr Gebinde<br \/>\n\u25cf Mehrteilige Materialkombination aus HDPE\/LDPE<br \/>\n\u25cf Pull UP Auslauf mit Abrei\u00dfdichtung<br \/>\n\u25cf f\u00fcr optimalen, dichten und Auslaufsicheren Verschluss von Gebinden<\/p>\n","protected":false},"excerpt":{"rendered":"<p>\u25cf 42mm DIN Eindr\u00fcckverschlu\u00df f\u00fcr Gebinde \u25cf Mehrteilige Materialkombination aus HDPE\/LDPE \u25cf Pull UP Auslauf mit Abrei\u00dfdichtung \u25cf f\u00fcr optimalen, dichten und Auslaufsicheren Verschluss von Gebinden<\/p>\n","protected":false},"featured_media":6829,"template":"","meta":{"_acf_changed":false},"product_brand":[],"product_cat":[870],"product_tag":[],"class_list":{"0":"post-7497","1":"product","2":"type-product","3":"status-publish","4":"has-post-thumbnail","6":"product_cat-misch-dosier-euipment","8":"first","9":"instock","10":"purchasable","11":"product-type-simple"},"acf":[],"_links":{"self":[{"href":"https:\/\/car-refinish-system.com\/beta\/wp-json\/wp\/v2\/product\/7497","targetHints":{"allow":["GET"]}}],"collection":[{"href":"https:\/\/car-refinish-system.com\/beta\/wp-json\/wp\/v2\/product"}],"about":[{"href":"https:\/\/car-refinish-system.com\/beta\/wp-json\/wp\/v2\/types\/product"}],"wp:featuredmedia":[{"embeddable":true,"href":"https:\/\/car-refinish-system.com\/beta\/wp-json\/wp\/v2\/media\/6829"}],"wp:attachment":[{"href":"https:\/\/car-refinish-system.com\/beta\/wp-json\/wp\/v2\/media?parent=7497"}],"wp:term":[{"taxonomy":"product_brand","embeddable":true,"href":"https:\/\/car-refinish-system.com\/beta\/wp-json\/wp\/v2\/product_brand?post=7497"},{"taxonomy":"product_cat","embeddable":true,"href":"https:\/\/car-refinish-system.com\/beta\/wp-json\/wp\/v2\/product_cat?post=7497"},{"taxonomy":"product_tag","embeddable":true,"href":"https:\/\/car-refinish-system.com\/beta\/wp-json\/wp\/v2\/product_tag?post=7497"}],"curies":[{"name":"wp","href":"https:\/\/api.w.org\/{rel}","templated":true}]}}