{"id":7506,"date":"2026-03-27T06:07:32","date_gmt":"2026-03-27T06:07:32","guid":{"rendered":"https:\/\/car-refinish-system.com\/beta\/produs\/cabinprotection-wb-protectstick-5l\/"},"modified":"2026-03-27T06:28:16","modified_gmt":"2026-03-27T06:28:16","slug":"cabinprotection-wb-protectstick-5l","status":"publish","type":"product","link":"https:\/\/car-refinish-system.com\/beta\/produs\/cabinprotection-wb-protectstick-5l\/","title":{"rendered":"CabinProtection WB Protect&#038;Stick 5L"},"content":{"rendered":"<p>\u25cf Kabinenschutzlack f\u00fcr Lackieranlagen<br \/>\n\u25cf permanent klebende Beschichtung f\u00fcr Lackieranlagen bis zu S\u00e4ttigung des aufgebrachten Klebefilms<br \/>\n\u25cf milchig &#8211; transparenter Schutzlack zur Staubaufnahme<br \/>\n\u25cf Einsetzbar bis 80\u00b0C Kabinentemperatur<br \/>\n\u25cf je h\u00f6her die Lackieranlagentemperatur desto schneller erfolgt die Trocknung und verliert die Klebekraft)<br \/>\n\u25cf Aufbringung per Rolle\/ Pinsel oder mit Spritzpistole\/D\u00fcsengr\u00f6\u00dfe 1,7mm &#8211; 2,5mm und einem Druck von 2-2,5bar<br \/>\n\u25cf Nur durch eine vollfl\u00e4chig geschlossene Aufbringung an Lackieranlagenoberfl\u00e4che wird eine perfekte Staubaufnahme gew\u00e4hrleistet.<br \/>\n\u25cf In Verbindung mit Wasser und B\u00fcrste, Schwamm oder mit Hochdruckreiniger zu entfernen<\/p>\n","protected":false},"excerpt":{"rendered":"<p>\u25cf Kabinenschutzlack f\u00fcr Lackieranlagen \u25cf permanent klebende Beschichtung f\u00fcr Lackieranlagen bis zu S\u00e4ttigung des aufgebrachten Klebefilms \u25cf milchig &#8211; transparenter Schutzlack zur Staubaufnahme \u25cf Einsetzbar bis<span class=\"excerpt-hellip\"> [\u2026]<\/span><\/p>\n","protected":false},"featured_media":7633,"template":"","meta":{"_acf_changed":false},"product_brand":[],"product_cat":[871],"product_tag":[],"class_list":{"0":"post-7506","1":"product","2":"type-product","3":"status-publish","4":"has-post-thumbnail","6":"product_cat-spray-kabinen-equipment","8":"first","9":"instock","10":"purchasable","11":"product-type-simple"},"acf":[],"_links":{"self":[{"href":"https:\/\/car-refinish-system.com\/beta\/wp-json\/wp\/v2\/product\/7506","targetHints":{"allow":["GET"]}}],"collection":[{"href":"https:\/\/car-refinish-system.com\/beta\/wp-json\/wp\/v2\/product"}],"about":[{"href":"https:\/\/car-refinish-system.com\/beta\/wp-json\/wp\/v2\/types\/product"}],"wp:featuredmedia":[{"embeddable":true,"href":"https:\/\/car-refinish-system.com\/beta\/wp-json\/wp\/v2\/media\/7633"}],"wp:attachment":[{"href":"https:\/\/car-refinish-system.com\/beta\/wp-json\/wp\/v2\/media?parent=7506"}],"wp:term":[{"taxonomy":"product_brand","embeddable":true,"href":"https:\/\/car-refinish-system.com\/beta\/wp-json\/wp\/v2\/product_brand?post=7506"},{"taxonomy":"product_cat","embeddable":true,"href":"https:\/\/car-refinish-system.com\/beta\/wp-json\/wp\/v2\/product_cat?post=7506"},{"taxonomy":"product_tag","embeddable":true,"href":"https:\/\/car-refinish-system.com\/beta\/wp-json\/wp\/v2\/product_tag?post=7506"}],"curies":[{"name":"wp","href":"https:\/\/api.w.org\/{rel}","templated":true}]}}