{"id":7521,"date":"2026-03-27T06:07:46","date_gmt":"2026-03-27T06:07:46","guid":{"rendered":"https:\/\/car-refinish-system.com\/beta\/produs\/polishing-cloth-wipepolish-200sh-d-box30x36cm-sheet\/"},"modified":"2026-03-27T06:07:48","modified_gmt":"2026-03-27T06:07:48","slug":"polishing-cloth-wipepolish-200sh-d-box30x36cm-sheet","status":"publish","type":"product","link":"https:\/\/car-refinish-system.com\/beta\/produs\/polishing-cloth-wipepolish-200sh-d-box30x36cm-sheet\/","title":{"rendered":"Polishing Cloth Wipe&#038;Polish 200Sh. D-Box\n30x36cm\/Sheet"},"content":{"rendered":"<p>\u25cf wei\u00dfes, extrem weiches 100% Viskosepoliertuch f\u00fcr vielseitigen Einsatz<br \/>\n\u25cf Gr\u00f6\u00dfe 30x36cm, ca. 70gm\u00b2, 200 St\u00fcck im Dispenserkarton<br \/>\n\u25cf 100% Viskose, 70g\/m\u00b2<br \/>\n\u25cf L\u00f6semittelbest\u00e4ndig f\u00fcr fast alle Arbeiten optimal einsetzbar<br \/>\n\u25cf optimal im Einsatz beim Polieren, Abpolieren und Reinigen von Oberfl\u00e4chen<br \/>\n\u25cf f\u00fcr die Innenreinigung von Fahrzeugen sehr gut geeignet<br \/>\n\u25cf Silikonfrei, Antistatisch<br \/>\n\u25cf  Auswringbar, bis zu 6-fache Fl\u00fcssigkeitsaufnahme des Eigengewichts<br \/>\n\u25cf sehr weiche Oberfl\u00e4che zum optimalen Abwischen und Aufbringen von Pflegeartikeln an allen Oberfl\u00e4che<br \/>\n\u25cf Einsatz bei Lackierbetrieben, Automobil- oder Flugzeugbau \u2013 z. B. bei der Oberfl\u00e4chen-Bearbeitung<\/p>\n","protected":false},"excerpt":{"rendered":"<p>\u25cf wei\u00dfes, extrem weiches 100% Viskosepoliertuch f\u00fcr vielseitigen Einsatz \u25cf Gr\u00f6\u00dfe 30x36cm, ca. 70gm\u00b2, 200 St\u00fcck im Dispenserkarton \u25cf 100% Viskose, 70g\/m\u00b2 \u25cf L\u00f6semittelbest\u00e4ndig f\u00fcr fast<span class=\"excerpt-hellip\"> [\u2026]<\/span><\/p>\n","protected":false},"featured_media":6869,"template":"","meta":{"_acf_changed":false},"product_brand":[],"product_cat":[872],"product_tag":[],"class_list":{"0":"post-7521","1":"product","2":"type-product","3":"status-publish","4":"has-post-thumbnail","6":"product_cat-oberflaechenbehandlung-polieren","8":"first","9":"instock","10":"purchasable","11":"product-type-simple"},"acf":[],"_links":{"self":[{"href":"https:\/\/car-refinish-system.com\/beta\/wp-json\/wp\/v2\/product\/7521","targetHints":{"allow":["GET"]}}],"collection":[{"href":"https:\/\/car-refinish-system.com\/beta\/wp-json\/wp\/v2\/product"}],"about":[{"href":"https:\/\/car-refinish-system.com\/beta\/wp-json\/wp\/v2\/types\/product"}],"wp:featuredmedia":[{"embeddable":true,"href":"https:\/\/car-refinish-system.com\/beta\/wp-json\/wp\/v2\/media\/6869"}],"wp:attachment":[{"href":"https:\/\/car-refinish-system.com\/beta\/wp-json\/wp\/v2\/media?parent=7521"}],"wp:term":[{"taxonomy":"product_brand","embeddable":true,"href":"https:\/\/car-refinish-system.com\/beta\/wp-json\/wp\/v2\/product_brand?post=7521"},{"taxonomy":"product_cat","embeddable":true,"href":"https:\/\/car-refinish-system.com\/beta\/wp-json\/wp\/v2\/product_cat?post=7521"},{"taxonomy":"product_tag","embeddable":true,"href":"https:\/\/car-refinish-system.com\/beta\/wp-json\/wp\/v2\/product_tag?post=7521"}],"curies":[{"name":"wp","href":"https:\/\/api.w.org\/{rel}","templated":true}]}}