{"id":7545,"date":"2026-03-27T06:08:00","date_gmt":"2026-03-27T06:08:00","guid":{"rendered":"https:\/\/car-refinish-system.com\/beta\/produs\/air-pressure-adapter-dn72mm-r1-4-i-male-hv-c-eu\/"},"modified":"2026-03-27T06:18:48","modified_gmt":"2026-03-27T06:18:48","slug":"air-pressure-adapter-dn72mm-r1-4-i-male-hv-c-eu","status":"publish","type":"product","link":"https:\/\/car-refinish-system.com\/beta\/produs\/air-pressure-adapter-dn72mm-r1-4-i-male-hv-c-eu\/","title":{"rendered":"Air Pressure Adapter DN7,2mm R1\/4&#8243; i Male HV-C-EU"},"content":{"rendered":"<p>Druckluftstecknippel zum Verbinden von Druckluftwerkzeugen und Schl\u00e4uchen<br \/>\n\u25cf sog. m\u00e4nnliches Gegenst\u00fcck f\u00fcr eine Schnellkupplung<br \/>\n\u25cf maximaler Arbeitsdruck 15bar (215 PSI)<br \/>\n\u25cf Optimiert f\u00fcr hohe Luftmengen, bis zu 1150L\/min (40 SCFM)<br \/>\n\u25cf schnelle Anschlie\u00dfen von Druckluftwerkzeugen an Kompressorschl\u00e4uche<br \/>\n\u25cf 1\/4 Zoll Innengewinde, f\u00fcr direktes verschrauben von Druckluftwerkzeug oder Druckluftschl\u00e4uchen<br \/>\n\u25cf aus verzinktem geh\u00e4rtetem Stahl\/Messing, um Rostbildung durch Kondenswasser in der Druckluft zu verhindern<br \/>\n\u25cf Geeignet f\u00fcr Arbeitstemperaturen von -40 \u00b0C bis +100<br \/>\n\u25cf Sechskant-Ansatz (Hex) f\u00fcr die sichere Montage mit einem Gabelschl\u00fcssel<br \/>\n\u25cf Oberfl\u00e4che ist oft oberfl\u00e4chengeh\u00e4rtet, um Abnutzungen durch h\u00e4ufiges Ein- und Auskuppeln zu minimieren<\/p>\n","protected":false},"excerpt":{"rendered":"<p>Druckluftstecknippel zum Verbinden von Druckluftwerkzeugen und Schl\u00e4uchen \u25cf sog. m\u00e4nnliches Gegenst\u00fcck f\u00fcr eine Schnellkupplung \u25cf maximaler Arbeitsdruck 15bar (215 PSI) \u25cf Optimiert f\u00fcr hohe Luftmengen, bis<span class=\"excerpt-hellip\"> [\u2026]<\/span><\/p>\n","protected":false},"featured_media":7615,"template":"","meta":{"_acf_changed":false},"product_brand":[],"product_cat":[873],"product_tag":[],"class_list":{"0":"post-7545","1":"product","2":"type-product","3":"status-publish","4":"has-post-thumbnail","6":"product_cat-lackierequipment-zubehoer","8":"first","9":"instock","10":"purchasable","11":"product-type-simple"},"acf":[],"_links":{"self":[{"href":"https:\/\/car-refinish-system.com\/beta\/wp-json\/wp\/v2\/product\/7545","targetHints":{"allow":["GET"]}}],"collection":[{"href":"https:\/\/car-refinish-system.com\/beta\/wp-json\/wp\/v2\/product"}],"about":[{"href":"https:\/\/car-refinish-system.com\/beta\/wp-json\/wp\/v2\/types\/product"}],"wp:featuredmedia":[{"embeddable":true,"href":"https:\/\/car-refinish-system.com\/beta\/wp-json\/wp\/v2\/media\/7615"}],"wp:attachment":[{"href":"https:\/\/car-refinish-system.com\/beta\/wp-json\/wp\/v2\/media?parent=7545"}],"wp:term":[{"taxonomy":"product_brand","embeddable":true,"href":"https:\/\/car-refinish-system.com\/beta\/wp-json\/wp\/v2\/product_brand?post=7545"},{"taxonomy":"product_cat","embeddable":true,"href":"https:\/\/car-refinish-system.com\/beta\/wp-json\/wp\/v2\/product_cat?post=7545"},{"taxonomy":"product_tag","embeddable":true,"href":"https:\/\/car-refinish-system.com\/beta\/wp-json\/wp\/v2\/product_tag?post=7545"}],"curies":[{"name":"wp","href":"https:\/\/api.w.org\/{rel}","templated":true}]}}