{"id":7547,"date":"2026-03-27T06:08:00","date_gmt":"2026-03-27T06:08:00","guid":{"rendered":"https:\/\/car-refinish-system.com\/beta\/produs\/nozzle-set-f-spraygun-mini-10-mm-nozzle-paintcap-air-cap\/"},"modified":"2026-03-27T06:19:25","modified_gmt":"2026-03-27T06:19:25","slug":"nozzle-set-f-spraygun-mini-10-mm-nozzle-paintcap-air-cap","status":"publish","type":"product","link":"https:\/\/car-refinish-system.com\/beta\/produs\/nozzle-set-f-spraygun-mini-10-mm-nozzle-paintcap-air-cap\/","title":{"rendered":"Nozzle Set f. Spraygun Mini 1,0 mm Nozzle + PaintCap + Air Cap"},"content":{"rendered":"<p>D\u00fcsensatz  Set f\u00fcr Mini Spritzpistole<br \/>\n\u25cf D\u00fcsengr\u00f6\u00dfe 1,0mm<br \/>\n\u25cf rostfreie D\u00fcsennadel<br \/>\n\u25cf vernickelte Farb-  Luftkappe<br \/>\n\u25cf f\u00fcr alle Lacktypen &#8211; Farbsysteme geeignet<br \/>\n\u25cf Best\u00e4ndig gegen aggressive Chemikalien, Verd\u00fcnnungen und Lacke<\/p>\n","protected":false},"excerpt":{"rendered":"<p>D\u00fcsensatz Set f\u00fcr Mini Spritzpistole \u25cf D\u00fcsengr\u00f6\u00dfe 1,0mm \u25cf rostfreie D\u00fcsennadel \u25cf vernickelte Farb- Luftkappe \u25cf f\u00fcr alle Lacktypen &#8211; Farbsysteme geeignet \u25cf Best\u00e4ndig gegen aggressive<span class=\"excerpt-hellip\"> [\u2026]<\/span><\/p>\n","protected":false},"featured_media":7616,"template":"","meta":{"_acf_changed":false},"product_brand":[],"product_cat":[873],"product_tag":[],"class_list":{"0":"post-7547","1":"product","2":"type-product","3":"status-publish","4":"has-post-thumbnail","6":"product_cat-lackierequipment-zubehoer","8":"first","9":"instock","10":"purchasable","11":"product-type-simple"},"acf":[],"_links":{"self":[{"href":"https:\/\/car-refinish-system.com\/beta\/wp-json\/wp\/v2\/product\/7547","targetHints":{"allow":["GET"]}}],"collection":[{"href":"https:\/\/car-refinish-system.com\/beta\/wp-json\/wp\/v2\/product"}],"about":[{"href":"https:\/\/car-refinish-system.com\/beta\/wp-json\/wp\/v2\/types\/product"}],"wp:featuredmedia":[{"embeddable":true,"href":"https:\/\/car-refinish-system.com\/beta\/wp-json\/wp\/v2\/media\/7616"}],"wp:attachment":[{"href":"https:\/\/car-refinish-system.com\/beta\/wp-json\/wp\/v2\/media?parent=7547"}],"wp:term":[{"taxonomy":"product_brand","embeddable":true,"href":"https:\/\/car-refinish-system.com\/beta\/wp-json\/wp\/v2\/product_brand?post=7547"},{"taxonomy":"product_cat","embeddable":true,"href":"https:\/\/car-refinish-system.com\/beta\/wp-json\/wp\/v2\/product_cat?post=7547"},{"taxonomy":"product_tag","embeddable":true,"href":"https:\/\/car-refinish-system.com\/beta\/wp-json\/wp\/v2\/product_tag?post=7547"}],"curies":[{"name":"wp","href":"https:\/\/api.w.org\/{rel}","templated":true}]}}