{"id":7549,"date":"2026-03-27T06:08:00","date_gmt":"2026-03-27T06:08:00","guid":{"rendered":"https:\/\/car-refinish-system.com\/beta\/produs\/spraygun-mini-hvlp-profi-10mm-125cc-cup\/"},"modified":"2026-03-27T06:20:27","modified_gmt":"2026-03-27T06:20:27","slug":"spraygun-mini-hvlp-profi-10mm-125cc-cup","status":"publish","type":"product","link":"https:\/\/car-refinish-system.com\/beta\/produs\/spraygun-mini-hvlp-profi-10mm-125cc-cup\/","title":{"rendered":"SprayGun Mini HVLP Profi 1,0mm 125cc Cup"},"content":{"rendered":"<p>sehr gute Mini -Lackierpistole mit D\u00fcse 1,0mm, f\u00fcr alle Lackierarbeiten im Auto-, Schreiner, Maler- u. Industriebereich<br \/>\n\u25cf Stufenlose Materialmengenregulierung sowie stufenlose Rund- und Breitstrahlregulierung f\u00fcr hochwertige Finish Qualit\u00e4t<br \/>\n\u25cf Bruchsicherer 0,125 Liter Kunststoff-Flie\u00dfbecher aus Polypropylen<br \/>\n\u25cf ergonomische Pistolenk\u00f6rperform f\u00fcr angenehme Verwendung beim Lackieren<br \/>\n\u25cf robustes Geh\u00e4use aus einer Aluminiumlegierung mit vernickelter Oberfl\u00e4chernveredelung f\u00fcr bessere Reinigung<br \/>\n\u25cf Dichtungen aus Teflon (PTFE), welche besonders resistent gegen aggressive Chemikalien, Verd\u00fcnnungen und Lacke sind<br \/>\n\u25cf Service Werkzeug, sowie Reinigungsb\u00fcrste und Farbspritzpistolen Einstecksieb 200\u03bcm im Lieferumfang enthalten<br \/>\n\u25cf D\u00fcse und Nadel sowie zentrale Funktionsteile aus rostfreiem Edelstahl, um Korrosion zu verhindern<br \/>\n\u25cf pr\u00e4zises und der Qualit\u00e4t entsprechendes hochwertiges Spritzbild<br \/>\n\u25cf Luftverbrauch: ca. 120 L\/min (4,3 cfm), ja nach gew\u00fcnschter Oberfl\u00e4chenstruktur der Lackierung<br \/>\n\u25cf Arbeitsdruck ca. 1,5 &#8211; 2,5 bar (ca. 22 &#8211; 36 PSI), je nach gew\u00fcnschter Oberfl\u00e4chenstruktur der Lackierung<br \/>\n\u25cf Gewindeanschlu\u00df R1\/4 Zoll<br \/>\n\u25cf Dank der feinen Farbzerst\u00e4ubung optimal geeignet f\u00fcr Autolackierarbeiten und Spotrepairarbeiten<br \/>\n\u25cf Einsatz optimal auch im Handwerk wie Maler- und Schreinerlakierungen sowie in der Industrielackierung f\u00fcr Kleinteile<br \/>\n\u25cf Verarbeitung von allen Materialien wie Konventionelle Farbsysteme, je nach D\u00fcsengr\u00f6\u00dfe<\/p>\n","protected":false},"excerpt":{"rendered":"<p>sehr gute Mini -Lackierpistole mit D\u00fcse 1,0mm, f\u00fcr alle Lackierarbeiten im Auto-, Schreiner, Maler- u. Industriebereich \u25cf Stufenlose Materialmengenregulierung sowie stufenlose Rund- und Breitstrahlregulierung f\u00fcr hochwertige<span class=\"excerpt-hellip\"> [\u2026]<\/span><\/p>\n","protected":false},"featured_media":7618,"template":"","meta":{"_acf_changed":false},"product_brand":[],"product_cat":[873],"product_tag":[],"class_list":{"0":"post-7549","1":"product","2":"type-product","3":"status-publish","4":"has-post-thumbnail","6":"product_cat-lackierequipment-zubehoer","8":"first","9":"instock","10":"purchasable","11":"product-type-simple"},"acf":[],"_links":{"self":[{"href":"https:\/\/car-refinish-system.com\/beta\/wp-json\/wp\/v2\/product\/7549","targetHints":{"allow":["GET"]}}],"collection":[{"href":"https:\/\/car-refinish-system.com\/beta\/wp-json\/wp\/v2\/product"}],"about":[{"href":"https:\/\/car-refinish-system.com\/beta\/wp-json\/wp\/v2\/types\/product"}],"wp:featuredmedia":[{"embeddable":true,"href":"https:\/\/car-refinish-system.com\/beta\/wp-json\/wp\/v2\/media\/7618"}],"wp:attachment":[{"href":"https:\/\/car-refinish-system.com\/beta\/wp-json\/wp\/v2\/media?parent=7549"}],"wp:term":[{"taxonomy":"product_brand","embeddable":true,"href":"https:\/\/car-refinish-system.com\/beta\/wp-json\/wp\/v2\/product_brand?post=7549"},{"taxonomy":"product_cat","embeddable":true,"href":"https:\/\/car-refinish-system.com\/beta\/wp-json\/wp\/v2\/product_cat?post=7549"},{"taxonomy":"product_tag","embeddable":true,"href":"https:\/\/car-refinish-system.com\/beta\/wp-json\/wp\/v2\/product_tag?post=7549"}],"curies":[{"name":"wp","href":"https:\/\/api.w.org\/{rel}","templated":true}]}}