{"id":7576,"date":"2026-03-27T06:08:15","date_gmt":"2026-03-27T06:08:15","guid":{"rendered":"https:\/\/car-refinish-system.com\/beta\/produs\/bumper-store-stand-big18\/"},"modified":"2026-03-27T06:08:25","modified_gmt":"2026-03-27T06:08:25","slug":"bumper-store-stand-big18","status":"publish","type":"product","link":"https:\/\/car-refinish-system.com\/beta\/produs\/bumper-store-stand-big18\/","title":{"rendered":"Bumper Store-Stand Big18"},"content":{"rendered":"<p>gro\u00dfes fahrbares, mobiles, sehr stabiles Teileregal zur Ablage\/ zum Trocknen von lackierten Teilen<br \/>\n\u25cf zur Ablage von  bis zu 18 Sto\u00dfstangen\/Teilen geeignet (inklusive Bodenkonstruktion des St\u00e4nders)<br \/>\n\u25cf 18 Aufnahmeebenen inklusive St\u00e4nderebene unten<br \/>\n\u25cf 8 Aufnahmearme mit 60cm Aufnahmel\u00e4nge, 8 Aufnahmearme mit 45cm Aufnahmel\u00e4nge<br \/>\n\u25cf einfach zu wechselnde Aufnahmearme mit Bajonettaufnahme am Teileregal f\u00fcr schnelle H\u00f6henversetzung<br \/>\n\u25cf Gesamtma\u00dfe komplett aufgebaut: L\u00e4nge 105cm, Breite 120cm, H\u00f6he 216cm, Bodenfreiheit 12cm<br \/>\n\u25cf bei gleichm\u00e4\u00dfiger Gegenbeladung (auf beiden Seiten), kann jede Ebene, auf jeder Seite bis zu 150kg belastet werden.<br \/>\n\u25cf Gesamt Tragkraft max. 500kg<br \/>\n\u25cf Ausgestattet mit 360\u00b0 drehbaren Gummi-Lenkrollen mit \u00f810cm<br \/>\n\u25cf sehr weichen Gummilenkrollen zum vibrationsfreien Verschieben des Regals ohne das Teile herunterfallen<br \/>\n\u25cf 2 Gummilenkrollen mit Arretierung f\u00fcr einen sichern Stand ohne weg zu rollen.<br \/>\n\u25cf Pulverbeschichtete hochwertige Stahlkonstruktion<br \/>\n\u25cf Teileregal gefertigt aus hochfestem Stahl mit Vierkantrohren 30mm x 30mm (Wandst\u00e4rke 3mm)<br \/>\n\u25cf Aufnahmearme gefertigt aus hochfestem Stahl  mit Vierkantrohren 25mm x 25mm (Wandst\u00e4rke 2,5mm)<\/p>\n","protected":false},"excerpt":{"rendered":"<p>gro\u00dfes fahrbares, mobiles, sehr stabiles Teileregal zur Ablage\/ zum Trocknen von lackierten Teilen \u25cf zur Ablage von bis zu 18 Sto\u00dfstangen\/Teilen geeignet (inklusive Bodenkonstruktion des St\u00e4nders)<span class=\"excerpt-hellip\"> [\u2026]<\/span><\/p>\n","protected":false},"featured_media":6954,"template":"","meta":{"_acf_changed":false},"product_brand":[],"product_cat":[875],"product_tag":[],"class_list":{"0":"post-7576","1":"product","2":"type-product","3":"status-publish","4":"has-post-thumbnail","6":"product_cat-lackierstaender-werkzeug-zubehoer","8":"first","9":"instock","10":"purchasable","11":"product-type-simple"},"acf":[],"_links":{"self":[{"href":"https:\/\/car-refinish-system.com\/beta\/wp-json\/wp\/v2\/product\/7576","targetHints":{"allow":["GET"]}}],"collection":[{"href":"https:\/\/car-refinish-system.com\/beta\/wp-json\/wp\/v2\/product"}],"about":[{"href":"https:\/\/car-refinish-system.com\/beta\/wp-json\/wp\/v2\/types\/product"}],"wp:featuredmedia":[{"embeddable":true,"href":"https:\/\/car-refinish-system.com\/beta\/wp-json\/wp\/v2\/media\/6954"}],"wp:attachment":[{"href":"https:\/\/car-refinish-system.com\/beta\/wp-json\/wp\/v2\/media?parent=7576"}],"wp:term":[{"taxonomy":"product_brand","embeddable":true,"href":"https:\/\/car-refinish-system.com\/beta\/wp-json\/wp\/v2\/product_brand?post=7576"},{"taxonomy":"product_cat","embeddable":true,"href":"https:\/\/car-refinish-system.com\/beta\/wp-json\/wp\/v2\/product_cat?post=7576"},{"taxonomy":"product_tag","embeddable":true,"href":"https:\/\/car-refinish-system.com\/beta\/wp-json\/wp\/v2\/product_tag?post=7576"}],"curies":[{"name":"wp","href":"https:\/\/api.w.org\/{rel}","templated":true}]}}